2 a factor of 51480?
True
Is 40 a factor of 4070?
False
Is 861 a multiple of 5?
False
Does 146 divide 5548?
True
Is 17 a factor of 2432?
False
Does 36 divide 972?
True
Is 11 a factor of 120?
False
Does 184 divide 37168?
True
Does 25 divide 298?
False
Does 8 divide 31?
False
Is 13 a factor of 2262?
True
Is 8673 a multiple of 147?
True
Is 978 a multiple of 6?
True
Is 105 a factor of 4839?
False
Is 22 a factor of 4652?
False
Is 15 a factor of 10635?
True
Does 9 divide 677?
False
Does 3 divide 454?
False
Is 108 a factor of 3949?
False
Does 23 divide 16814?
False
Is 12 a factor of 684?
True
Is 47 a multiple of 14?
False
Does 2 divide 4476?
True
Is 33 a factor of 1043?
False
Does 26 divide 4976?
False
Does 239 divide 60629?
False
Does 74 divide 6290?
True
Is 5061 a multiple of 3?
True
Does 11 divide 1191?
False
Does 21 divide 1193?
False
Is 32 a multiple of 16?
True
Is 4 a factor of 3959?
False
Does 126 divide 2327?
False
Does 40 divide 34880?
True
Is 12760 a multiple of 58?
True
Does 12 divide 73951?
False
Does 14 divide 32256?
True
Does 6 divide 66?
True
Is 141 a factor of 28764?
True
Is 4108 a multiple of 79?
True
Is 22 a factor of 68134?
True
Is 1469 a multiple of 13?
True
Is 301 a multiple of 12?
False
Is 12283 a multiple of 3?
False
Does 3 divide 32?
False
Is 7650 a multiple of 9?
True
Is 9621 a multiple of 15?
False
Is 4120 a multiple of 40?
True
Is 1285 a multiple of 22?
False
Is 2 a factor of 182?
True
Does 11 divide 2552?
True
Is 5978 a multiple of 29?
False
Is 630 a multiple of 78?
False
Does 17 divide 612?
True
Is 8 a factor of 1446?
False
Is 8280 a multiple of 36?
True
Is 6816 a multiple of 24?
True
Is 10 a factor of 86600?
True
Is 30888 a multiple of 12?
True
Is 4189 a multiple of 71?
True
Is 64 a factor of 5131?
False
Is 2234 a multiple of 11?
False
Does 8 divide 448?
True
Is 1265 a multiple of 11?
True
Is 11 a factor of 275?
True
Does 19 divide 11766?
False
Is 7 a factor of 7?
True
Does 117 divide 386?
False
Is 5261 a multiple of 13?
False
Does 88 divide 5375?
False
Is 6250 a multiple of 6?
False
Is 775 a multiple of 10?
False
Is 21 a factor of 31626?
True
Does 344 divide 90472?
True
Is 5 a factor of 545?
True
Is 255 a multiple of 3?
True
Does 13 divide 682?
False
Is 442 a multiple of 34?
True
Is 424 a multiple of 4?
True
Does 31 divide 2077?
True
Does 11 divide 383?
False
Is 28383 a multiple of 13?
False
Is 1491 a multiple of 11?
False
Is 4455 a multiple of 121?
False
Is 180 a multiple of 12?
True
Is 20 a factor of 4080?
True
Is 137 a factor of 6850?
True
Does 22 divide 17681?
False
Does 5 divide 428?
False
Is 35060 a multiple of 10?
True
Does 15 divide 5001?
False
Does 210 divide 29374?
False
Is 11719 a multiple of 98?
False
Is 32540 a multiple of 12?
False
Is 7 a factor of 959?
True
Does 2 divide 270?
True
Is 26 a multiple of 2?
True
Is 9 a factor of 1554?
False
Does 3 divide 2861?
False
Does 6 divide 1067?
False
Is 15 a factor of 1275?
True
Is 10 a factor of 4460?
True
Is 2 a factor of 54?
True
Is 106 a factor of 4240?
True
Does 18 divide 15078?
False
Is 1241 a multiple of 17?
True
Is 13 a factor of 58266?
True
Is 16 a factor of 18752?
True
Is 631 a multiple of 10?
False
Is 230 a multiple of 10?
True
Is 828 a multiple of 46?
True
Is 1750 a multiple of 10?
True
Does 2 divide 35?
False
Is 423 a multiple of 23?
False
Is 2 a factor of 221?
False
Does 33 divide 2508?
True
Is 19993 a multiple of 20?
False
Is 30 a factor of 1380?
True
Is 5005 a multiple of 46?
False
Is 10 a factor of 771?
False
Is 205 a factor of 64521?
False
Is 1796 a multiple of 112?
False
Does 28 divide 28?
True
Does 12 divide 349?
False
Is 45 a factor of 6862?
False
Does 19 divide 21850?
True
Is 45 a multiple of 4?
False
Is 84 a factor of 4755?
False
Does 16 divide 3379?
False
Does 6 divide 20562?
True
Is 3710 a multiple of 55?
False
Does 66 divide 672?
False
Is 574 a multiple of 14?
True
Does 97 divide 35506?
False
Does 47 divide 13996?
False
Is 18490 a multiple of 14?
False
Is 6 a factor of 17308?
False
Is 19 a factor of 1212?
False
Is 1323 a multiple of 41?
False
Is 4 a factor of 33086?
False
Does 77 divide 5988?
False
Does 35 divide 72?
False
Is 504 a multiple of 84?
True
Is 89 a multiple of 2?
False
Is 1156 a multiple of 88?
False
Is 430 a multiple of 85?
False
Is 43835 a multiple of 13?
False
Does 67 divide 1809?
True
Is 97 a factor of 18042?
True
Is 5544 a multiple of 8?
True
Does 3 divide 3216?
True
Does 45 divide 14085?
True
Does 69 divide 5106?
True
Is 372 a multiple of 62?
True
Does 81 divide 1539?
True
Is 55 a factor of 1257?
False
Is 651 a multiple of 31?
True
Does 15 divide 469?
False
Is 63 a factor of 2457?
True
Is 6974 a multiple of 12?
False
Is 49805 a multiple of 161?
False
Does 62 divide 9672?
True
Is 70 a factor of 1797?
False
Does 5 divide 195?
True
Is 19 a factor of 1765?
False
Is 70 a factor of 2240?
True
Is 21 a factor of 4469?
False
Does 33 divide 4378?
False
Is 11 a factor of 9119?
True
Does 16 divide 5283?
False
Does 7 divide 1925?
True
Does 49 divide 288?
False
Does 5 divide 7309?
False
Is 352 a multiple of 11?
True
Does 74 divide 13981?
False
Is 34 a factor of 1836?
True
Is 5 a factor of 1695?
True
Is 29 a factor of 43634?
False
Is 3 a factor of 688?
False
Is 27 a factor of 18781?
False
Is 2940 a multiple of 84?
True
Is 5 a factor of 550?
True
Is 55 a factor of 32072?
False
Is 1147 a multiple of 37?
True
Is 16 a factor of 1001?
False
Is 13 a factor of 1573?
True
Is 78 a factor of 390?
True
Is 3301 a multiple of 132?
False
Does 99 divide 8316?
True
Is 10132 a multiple of 34?
True
Is 21235 a multiple of 31?
True
Is 959 a multiple of 13?
False
Is 59 a factor of 41116?
False
Is 20 a factor of 17040?
True
Is 165 even?
False
Is 18 a factor of 503?
False
Does 20 divide 309?
False
Is 30672 a multiple of 203?
False
Is 756 a multiple of 14?
True
Is 25 a factor of 600?
True
Is 63 a factor of 14049?
True
Is 551 a multiple of 24?
False
Is 15340 a multiple of 52?
True
Does 5 divide 365?
True
Does 25 divide 10775?
True
Is 14 a factor of 630?
True
Is 894 a multiple of 19?
False
Is 123 a factor of 30240?
False
Is 5 a factor of 2340?
True
Is 100 a factor of 20578?
False
Is 25 a factor of 3215?
False
Does 30 divide 11938?
False
Is 246 a multiple of 24?
False
Is 16 a factor of 7344?
True
Is 18 a factor of 1342?
False
Is 36 a factor of 3240?
True
Is 11 a factor of 3234?
True
Is 1502 a multiple of 26?
False
Is 112 a factor of 880?
False
Does 29 divide 58?
True
Is 221 even?
False
Is 47 a multiple of 3?
False
Is 58 a factor of 501?
False
Is 5635 a multiple of 49?
True
Is 4 a factor of 173?
False
Is 102 a factor of 105296?
False
Is 1826 a multiple of 4?
False
Is 1250 a multiple of 10?
True
Does 9 divide 1044?
True
Is 133 a multiple of 19?
True
Is 1711 a multiple of 36?
False
Is 14 a factor of 826?
True
Is 4961 a multiple of 80?
False
Is 513 a multiple of 3?
True
Does 246 divide 6921?
False
Is 9 a factor of 2322?
True
Is 20 a factor of 527?
False
Is 50 a factor of 13644?
False
Is 260 a multiple of 10?
True
Is 227 a factor of 33193?
False
Is 2850 a multiple of 60?
False
Is 42 a factor of 48888?
True
Does 5 divide 201?
False
Is 514 a multiple of 3?
False
Does 10 divide 2258?
False
Does 128 divide 8960?
True
Is 51088 a multiple of 412?
True
Is 2035 a multiple of 59?
False
Does 14 divide 130410?
True
Is 46 a factor of 3297?
False
Is 15518 a multiple of 5?
False
Is 11 a factor of 165?
True
Is 14 a factor of 24935?
False
Is 1264 a multiple of 11?
False
Is 23534 a multiple of 129?
False
Is 44 a factor of 979?
False
Is 66 a factor of 307?
False
Is 31 a factor of 4933?
False
Is 49 a factor of 6468?
True
Does 108 divide 1620?
True
Is 10 a factor of 950?
True
Is 5670 a multiple of 15?
True
Does 58 divide 986?
True
Does 61 divide 24278?
True
Does 19 divide 910?
False
Is 13 a factor of 1434?
False
Is 46 a factor of 990?
False
Is 56 a factor of 18704?
True
Is 23266 a multiple of 28?
False
Is 9744 a multiple of 16?
True
Is 5 a factor of 1305?
True
Is 320 a multiple of 49?
False
Is 226 a multiple of 4?
False
Is 14700 a multiple of 42?
True
Is 6 a factor of 5226?
True
Is 339 a factor of 109613?
False
Is 1650 a multiple of 6?
True
Is 36 a factor of 6239?
False
Does 30 divide 540?
True
Is 1244 a multiple of 52?
False
Is 108 a factor of 131868?
True
Does 3 divide 69?
True
Does 